t common factor of 4 and l?
4
Suppose -3*g + 10 = -g. Suppose -g*h + 3*h = -72. Calculate the greatest common factor of h and 9.
9
Let v = -67 + 96. Calculate the highest common factor of 145 and v.
29
Let y = 3 - 3. Suppose y*h + h = 4. Calculate the greatest common divisor of 12 and h.
4
Suppose -5*x = -4*x - 40. What is the greatest common factor of 16 and x?
8
Let w = -3 + 4. Suppose -2*f = -4*n + 156, -n - n = f + 70. Let t be w/1 + (0 - f). What is the highest common divisor of t and 15?
15
Let q(o) = -11*o - 2. Let d be q(-1). What is the highest common divisor of 99 and d?
9
Suppose -15 = 4*a + a. Let t = a + 9. Suppose -3*k + 2*k = -12. What is the greatest common divisor of t and k?
6
Let b = 7 - 4. Suppose 0 + 48 = b*q. Let u = -23 - -39. What is the greatest common factor of u and q?
16
Suppose 0 = -12*i + 1460 - 20. Let n be (-45)/(-3) - 0/(-1). Calculate the greatest common factor of i and n.
15
Let p be 1/(4/(-3) + 1). Let s be (-165)/(-9) - (-1)/p. What is the greatest common factor of 45 and s?
9
Suppose -7*s = -4*s. Let y be (s - -1)/(4/8). Let t(w) = 4*w**2 - w. Let u be t(y). What is the greatest common factor of u and 56?
14
Suppose -8 - 3 = -t - 4*h, h + 78 = 4*t. Suppose k = -t + 52. What is the greatest common divisor of 22 and k?
11
Let h(s) = 4*s. Let v be h(-2). Let a be 2/v - 834/(-8). What is the greatest common divisor of 13 and a?
13
Suppose -5*a - 12 = 3. Let u = 1 + a. Let o = 8 - u. Calculate the greatest common factor of o and 50.
10
Let r(x) = x. Let f(h) = -h**3 - 4*h**2 - 3*h + 3. Let s be f(-3). Let z be r(s). Calculate the greatest common divisor of z and 24.
3
Suppose -4*g + 13 = -3. Suppose 2*u - z = 10, 2*u + g*z - 3*z = 6. Suppose 28 + 8 = u*w. What is the highest common divisor of w and 1?
1
Let k(p) be the third derivative of 13*p**5/60 + p**4/6 - p**3/2 + p**2. Let i be k(3). Let j be (32/2 - 0) + -2. What is the greatest common factor of i and j?
14
Suppose 0*s = -s - 168. Let u = s + 264. Calculate the highest common divisor of u and 24.
24
Let m be ((-202)/(-6))/(1/(-3)). Let u = m + 143. Let s(n) = -n**3 - n**2 - 2*n - 3. Let l be s(-3). Calculate the highest common factor of u and l.
21
Let a(v) = -3*v + 1. Let q be a(0). What is the greatest common factor of q and 31?
1
Suppose 5*d - 4*f = 7, d + 14 = 5*d + f. Let s be -2 + 1 + (d - 2). Let b be 46 - (s + 2 + -4). What is the highest common divisor of 6 and b?
6
Suppose -4*y = 4 - 40. Let m(j) = j**3 - 3*j**2 - 4*j - 5. Let d be m(4). Let x be (2 + d)*-1 + 42. What is the greatest common factor of x and y?
9
Let h = -79 + 142. Calculate the greatest common divisor of h and 84.
21
Let w = -23 - -39. Suppose 13*k - 240 = 7*k. What is the highest common divisor of k and w?
8
Let a be 16/(-18)*3*-18. Calculate the greatest common divisor of 24 and a.
24
Let m = -15 + 69. Let s be 6/10 + m/10. What is the highest common divisor of s and 24?
6
Let h(p) = p**2 - p + 1. Let j be h(3). Let q = -9 + 16. What is the greatest common factor of q and j?
7
Let h(f) = f**2 - 16*f + 22. Let i be h(15). Calculate the greatest common factor of 63 and i.
7
Suppose -c + 5 = -79. Suppose -36 = -3*q + 2*m, -5*q + 60 = -5*m + 2*m. What is the greatest common divisor of q and c?
12
Let i(n) = -n + 10. Let r be i(-3). Suppose -74 = -2*z - 22. Calculate the highest common factor of z and r.
13
Let b be (-2)/(-6) - (-240)/36. What is the greatest common divisor of 77 and b?
7
Let q be ((-5)/(-15))/((-1)/(-21)). Suppose -3*x + 17 = -4. What is the highest common factor of q and x?
7
Suppose -2*s - 945 = -9*s. Calculate the highest common divisor of s and 54.
27
Suppose d = -4 + 40. Suppose -8 - 28 = -3*y. What is the highest common factor of y and d?
12
Suppose 0*r - p = -r - 3, -p + 7 = r. Suppose -r*g = -3*d - 33, -g = -4*d + 2*d - 16. Let u = 98 - 53. Calculate the highest common divisor of u and g.
9
Let t(u) = 6*u. Let l be t(4). What is the highest common divisor of l and 12?
12
Suppose -190 = -7*z + 335. Calculate the greatest common factor of z and 15.
15
Let y be ((-38)/8)/(7/14)*-4. What is the greatest common divisor of y and 38?
38
Let b be (-1 - -55) + 4 + -2. Let w = -23 + b. Let y = -45 + 67. Calculate the greatest common divisor of y and w.
11
Let x be (-112)/(-6) - (-12)/126*-7. Calculate the highest common divisor of 18 and x.
18
Let k(t) = t**2 - t + 168. Let z be k(0). Calculate the highest common factor of 14 and z.
14
Suppose 0 = -3*m - 4*n + 3, 0 = 5*n - 6 + 21. Suppose 2*f + 74 = 2*c - 2*f, 2*c = -m*f + 56. What is the highest common divisor of 11 and c?
11
Let v(q) = q**2 + 8*q + 6. Let i be v(-6). Let x be 36/21 - i/21. Suppose -x*r + r + 116 = 2*h, 3*h + r - 172 = 0. What is the highest common factor of 7 and h?
7
Let d(c) = c**2 + 8*c - 15. Let u be d(-12). What is the greatest common factor of u and 55?
11
Let k(w) = 5*w + 2. Let z be k(2). Let l(x) = 3 + 5 - 2 - x. Let o be l(3). What is the greatest common factor of o and z?
3
Suppose 329*y - 330*y + 5 = 0. Let m be (3 + 7)/(4/10). What is the highest common factor of m and y?
5
Suppose -1 = -x, -l - x + 14 = 2*x. Let s = l + 3. What is the greatest common factor of s and 42?
14
Let s = 28 + -26. Suppose 72 = a + s*d - 5*d, 5*a + d = 280. What is the greatest common divisor of a and 38?
19
Let l be 1/(-5) + (-105)/(-25). Calculate the highest common factor of 20 and l.
4
Suppose -5*a = -901 - 9. Let w = a - 102. What is the greatest common factor of w and 32?
16
Suppose l - 119 = -4*j, -3*j - 224 = -2*l - 4*j. What is the highest common divisor of l and 37?
37
Let r(w) = 29*w**2 - 2. Let z be r(-2). Suppose 4*s + 7*x = 2*x + z, -5*x - 42 = -2*s. Let u = -11 + s. Calculate the greatest common divisor of u and 30.
15
Suppose -86 + 25 = -h - 3*i, -204 = -3*h - 2*i. What is the highest common factor of h and 14?
14
Suppose 3*j = -2*u + 7*u - 148, 140 = 4*u + 3*j. Calculate the greatest common divisor of u and 12.
4
Suppose 4*c + 22 = 2*c. Let i = -7 - c. Suppose -5*u - 7*h + 412 = -i*h, 0 = 4*u - h - 316. Calculate the highest common divisor of u and 32.
16
Let h = 15 + -8. Let l be (-2)/h - 4/(-14). Let y = l - -3. Calculate the greatest common divisor of 3 and y.
3
Let n be (0 - 2/(-6)) + 1672/132. Calculate the greatest common factor of 65 and n.
13
Let z(j) = 4*j - 4. Suppose 2*n + 4 - 16 = 0. Let w be z(n). Calculate the greatest common factor of 180 and w.
20
Suppose r = 4*c + 42, -5*r + r + 157 = -5*c. Suppose 0 = -4*v + 14 + r. What is the highest common divisor of 26 and v?
13
Let n be ((-4)/3)/((-5)/15). What is the greatest common divisor of n and 20?
4
Let z be 245/14*4/5 - -3. What is the greatest common divisor of 119 and z?
17
Suppose -6 = 3*t - 5*t, 5*t - 155 = -4*p. What is the highest common factor of p and 5?
5
Suppose 0 = 3*b - 431 + 167. Calculate the highest common divisor of b and 11.
11
Suppose -5*p - 15 = 0, 2*u = p + p + 20. Let j = -16 + u. Let t = j + 16. What is the highest common factor of 1 and t?
1
Suppose 5*p - 206 = 2*c, -3*p + 188 = 2*p + 4*c. Let f be 30/8*16/6. Calculate the highest common divisor of p and f.
10
Let z be 2 - 7/((-7)/2). Suppose -28 = -2*i - t, -2*i + z*t = -t - 52. What is the highest common divisor of 32 and i?
16
Let h(v) = -v**3 + 11*v**2 - 10*v + 9. Let b be h(10). What is the highest common factor of 72 and b?
9
Suppose 0 = 18*p - 10*p - 144. Let t(v) = -73*v - 1. Let f be t(-1). What is the highest common divisor of f and p?
18
Let n be 108 - (-3 - 12/(-4)). Suppose -3*k + m = -34, -k - m = 3*k - 50. What is the highest common factor of k and n?
12
Let p be 1/(-5) - (-61)/5. Let v(y) = -y**2 + 10*y - 8. Let r be v(9). Let b(d) = 61*d**2 - d. Let n be b(r). Calculate the highest common divisor of p and n.
12
Suppose -2*c - 52 = -3*c. Calculate the greatest common factor of c and 4.
4
Let u be (-6 + 3)/(-5 + (-1 - -3)). Let d(q) = q + 4. Let f be d(-2). Calculate the highest common divisor of f and u.
1
Let v(y) = 18*y**2 - 32*y**3 + 9*y**2 + 1 - 28*y**2. Let u be v(-1). Let q be (-4)/2 + 48 - -2. What is the highest common divisor of q and u?
16
Let l(x) be the second derivative of -x + 0 - 1/2*x**2 - 5/3*x**3. Let s be l(-2). What is the highest common factor of 171 and s?
19
Suppose 0 = 4*h - 3*h + 4*b + 11, 34 = -5*h + b. Let m